 -8 - (10 + (-14 - -12))?
2
What is -3 + -6 + (12 - (-9 + 16))?
-4
What is 23 - (22 + 1 + -3)?
3
What is the value of (7 - -6) + -10 + (-4 - (2 - 11))?
8
-24 + 11 + (8 - -4) + 6
5
(40 + -29 - 4) + (-1 - -11)
17
Evaluate (0 + 2 - 1) + 1022 + -1026.
-3
What is the value of 2 + 1 - (33 + (-41 - -14))?
-3
What is the value of 3 + -5 + -2 + -9 + (0 - -1)?
-12
Calculate 2 + -19 - (33 + (-62 - -16)).
-4
Evaluate 7 - (29 - 18) - 31 - -17.
-18
-2 - 4 - (-3 + 7 + -9 + 11)
-12
What is the value of (31 - 23) + (0 - (0 - -5)) + 0?
3
Calculate (6 - 12 - (-7 - -6)) + (-34 - 1).
-40
21 - (19 + -5) - (3 - 8)
12
Evaluate 6 + -3 + -9 + -1.
-7
What is the value of -50 + 43 + 1 + 0 + (2 - 7)?
-11
7 + 10 + (-43 - -42)
16
Evaluate (-102 - (-19 - 55)) + (0 + 1 - 5).
-32
(34 + 3 - 30) + -8 + (-10 - -1)
-10
Evaluate 6 + (-14 - -4 - -17) + -19.
-6
What is the value of 13 + -20 - (3 - (-2 + 8))?
-4
Calculate 10 - (-9 + -7 + 13 - (-13 - -3)).
3
What is 0 - -16 - (6 - (2 + 7 - 9))?
10
What is the value of (-67 - -33) + (29 - 14)?
-19
What is the value of (1 - (-2 - 1)) + (-7 - (5 - 12))?
4
Calculate -41 - (-8 + -2 - 18).
-13
What is -27 + (8 - -5 - 7)?
-21
Calculate 111 - 115 - (-2 - -4).
-6
What is the value of (242 - 221) + -11 + 2?
12
What is -51 + (50 - 23) + (-2 - 7)?
-33
Calculate -26 + (-18 - -10) + 0.
-34
What is the value of (8 + -15 - 0) + (1 - -9) + -29?
-26
Calculate 12 + (3 - -8) + -32 + 22.
13
What is -5 + -5 + -11 + (-11 - -21) + 7?
-4
-7 + -5 - ((1 - -8) + -11)
-10
What is the value of (-42 - -20) + 14 - 20?
-28
What is the value of 0 + 12 + -16 + -2 + 10?
4
(-27 + 2 - -80) + -37
18
5 + -2 + (-6 - (3 - 1))
-5
Calculate -7 + (22 - -36) + -31.
20
Calculate (-16 - 20) + (-26 - -48).
-14
What is the value of -4 - 5 - (-16 + 15) - -2?
-6
Evaluate (-1 - (4 + -18 - -21)) + 30.
22
Calculate -15 - ((13 - -16) + -74).
30
What is the value of (-2 - (-10 - -28)) + 5?
-15
What is the value of 8 - (-6 - (-2 + (-4 - -8) + -13))?
3
What is the value of -137 + 117 + 30 + 3?
13
Calculate 4 + -5 + (-26 - -12) + -2 + 1.
-16
What is -14 + 8 + 24 + -10 - (0 - 2)?
10
Calculate 32 - (25 - 8) - 29.
-14
Evaluate 11 + (-2 - 5) + (-3 - (3 - -5)).
-7
Evaluate -28 - (-11 + 0 - -14 - 12).
-19
What is the value of 2 + -8 + (-10 - -21)?
5
What is -13 + (22 + -15 - -7) + -24?
-23
(2 + -3 - 8 - 1) + 10006 + -10017
-21
(72 + -49 - 30) + (-1 - 6) + 1
-13
Evaluate 6 - (1 + (6 - -5)) - (-3 - -3).
-6
Evaluate (-1 - -13) + -2453 + 2469.
28
-5 + -19 + 28 + 2 + 0
6
Evaluate -2 - 52 - (-50 - -21).
-25
Calculate 8 + -9 + 13 + -10 + 1.
3
(-39 - (-55 + 23)) + (25 - -2)
20
What is the value of (-1 - -18 - 9) + (1 - -1 - 27)?
-17
What is -13 - (4 + (3 - 28))?
8
What is 459 + -486 - (-1 + -7)?
-19
What is the value of 1 + 1 + -5 - (15 - 16)?
-2
((-7 - -2) + 20 - 8) + 3
10
(10 - (1 - -17)) + 1
-7
Calculate -7 + 8 + -7 + 16 + 1 + -1.
10
Calculate -4 - (-8 + 17 + -5 + (-9 - 0)).
1
What is the value of -7 - ((-8 - -5) + 2) - 3?
-9
What is the value of -7 - (17 + -40 - -9)?
7
27 - -56 - 73 - (-1 + 6)
5
Calculate -8 + -10 + 9 + -1 + -2 + -1.
-13
Evaluate (7 - 4) + 40 + -55.
-12
What is 63 + -57 + (5 - (-1 - -4))?
8
What is the value of -30 + ((14 - 3) + -2 - 0) - 3?
-24
Evaluate (3 - (5 + -2 - 1)) + (-115 - -112).
-2
What is the value of (-1 - (22 - 2)) + -48 + 55?
-14
-646 + 607 + (0 - -66)
27
Evaluate -3 + 6 + 0 + (-16 - -18) - -2.
7
What is 5 + -14 - (26 + -15)?
-20
What is -8 + (-2 - (0 - -7)) + 5?
-12
-14 + 5 + (10 - 14) + 0 + -1
-14
-4 + (5 - 3 - (-28 - -5)) - -3
24
Evaluate 18 - (55 - ((11 - 24) + 18)).
-32
What is -4 + (23 - (-4 + -2 + -21 + 29))?
17
Evaluate 10 - 3 - (4 - 3) - (15 - 3).
-6
What is 9 + (3 - (-4 - -6) - 10)?
0
21 + 14 + 8 + -21
22
-3 + (5 - (-8 - (0 - 7))) - 0
3
What is 14 - ((-18 - -20) + -16 - -12)?
16
Calculate -10 + (21 - 5) - (-1 + (-1 - -3)).
5
What is -32 + 26 - (-6 + 3 + -7)?
4
-17 + (-3 + 8 - -5) + (0 - 12)
-19
32 + -52 + (-1 + 8 - -2)
-11
Calculate -14 + (6 - (17 + -16 - 29)).
20
What is the value of (-1 - -5) + 23 + -19?
8
Evaluate 27 + -21 - (0 + -2 + -9).
17
Calculate -5 - (-7 - (-1 - (-4 - -9))).
-4
Calculate -8 - ((-13 - (-7 + 3)) + -7).
8
Calculate -1012 + 992 + (30 - -1).
11
Evaluate -7 - 0 - ((-5 - (3 + -12)) + -1).
-10
Evaluate -11 + -1 + -37 + 54 - (-2 + 12).
-5
What is the value of 22 + (-5 - (-9 - (-2 - 11))) - -1?
14
What is 24 + -40 - (-1 - (0 - -3))?
-12
What is -4 - (4 + (7 - 4) - 5) - 3?
-9
Calculate 41 + -54 - (-28 + 1).
14
(-28 - -14) + -11 - -16
-9
Evaluate 15 - 15 - (15 + -1 + (-4 - -9)).
-19
Calculate -39 - (-47 - 11 - -34).
-15
Evaluate 5 + -26 + -5 - (-135 - -129).
-20
Evaluate 29 + (19 - 12) - 12 - 5.
19
Calculate (-46 + 28 - 1) + 13.
-6
-15 - (1 + 12 - 26)
-2
What is 43 - 9 - 19 - -18?
33
Calculate (25 - 1) + 48 + -75.
-3
What is (17 - -14 - 42) + -2 + -4 + 39?
22
-12 + 0 + -2 + (59 - 52)
-7
Evaluate 2 - -9 - 13 - (7 - (6 + -3)).
-6
Calculate 19 + (-8 - 13 - -11) - (-2 + -1).
12
What is (3 - (0 - 0)) + 33 + -63 + 45?
18
What is the value of -32 - (5 - 35) - (1 + -6)?
3
What is 34 - 7 - (17 - (-8 + 12))?
14
What is the value of 7 + -6 + 7 - -8 - 35?
-19
What is -2 + 6 + (-4 - 5) + (16 - 4)?
7
What is 46 + -58 - (-3 - 10)?
1
Evaluate 23 + -37 - -18 - (2 - 14).
16
Evaluate 31 - (-4 - -20) - 19.
-4
What is 13 - (15 + 9 + -12)?
1
Evaluate 5 + -21 + 23 + (-47 - -17).
-23
Calculate 5 - 5 - (1 + (-16 - -6)) - 9.
0
What is -29 - (9 + -26) - (1 - 11)?
-2
(-3 - (5 + -5)) + (7 - 6) - -32
30
Calculate 15 - ((-11 - -14) + 2).
10
3 + (1 - 3) + -16 + (-24 - -27)
-12
Evaluate -11 - (-9 - (4 - 1)) - (0 + -1).
2
What is 8 + -42 + (67 - 46)?
-13
Calculate 3 - 8 - -9 - 18.
-14
-22 + 18 + (-1 - -2) + (14 - 9)
2
What is (36 - -1) + -64 + 24?
-3
Evaluate 19 + (-1 - 1 - (-89 - -81)).
25
Calculate 14 - 44 - (-24 + -15).
9
Evaluate -9 + (-26 - (-13 + 9)) - -10.
-21
What is -7 + (17 - 13) + -10?
-13
Evaluate -1 + 6 + -1 - (130 - 87 - 40).
1
10 + (0 - (0 - -4)) - (7 + -13)
12
What is -18 + 3 + -2 + 11 + -2 + 0?
-8
What is the value of -13 - (18 - 34 - -4)?
-1
Calculate 2 + 3 + -6 + (4 - 4) + 7.
6
Evaluate 3 + -2 + -2 - (-8 + 8 - 10).
9
Evaluate -13 - ((2 + -8 - (16 - 3)) + 8).
-2
3 + 2 + (3 - -4) + -7 + -10
-5
What is 15 + -5 + (-8 - (-22 + 7))?
17
Evaluate 53 + -35 + (-5 - -6).
19
33 + (16 - 9 - 19)
21
Calculate 12 - (-9 + (44 - (-7 - -14))).
-16
(3 - 20) + -1 + (-8 - (-19 - -4))
-11
What is the value of -64 - (-33 + 4 + -9)?
-26
16 + (4 - 12) + -15 - 7
-14
-15 + -2 + 0 - (10 - 19)
-8
Calculate 4 - ((-6 - -22) + -4 - (-7 + 6)).
-9
Evaluate (-12 - (-1 - (-1 - -2))) + (4494 - 4511).
-27
Evaluate 2 - (-10 + -12 + 13 + -2).
13
What is the value of (4 - 15) + 14 + 2 - 3?
2
What is the value of -21 - ((24 - 21) + -11 + 1)?
-14
-12 + -6 + (11 - -6) + -2 + 1
-2
Calculate 560 + -526 + -51 + 3.
-14
What is (-17 - -16) + 8 - (4 - 4)?
7
What is (5 - (-4 + 0 - 16)) + -108 + 100?
17
What is the value of 0 + 3 + -3 + -1 + 0 + -2?
-3
What is the value of 42 + -36 - (4 + 6)?
-4
(-1 - 0) + -7 + 7 - (-12 - -5)
6
2 - (9 + -1 + (7 - 8))
-5
-4 - ((4 - (-2 - -10)) + 5 - 4)
-1
Calculate (23 - -6 - (20 - 5)) + -3 + 1.
12
Calculate (-2 - ((6 - 4) + -6)) + -10.
-8
Evaluate (-2 - -1 - -4) + (-31 - -16) + -3.
-15
Evaluate 1 - (1 + -12 - (-19 + -1 - -21)).
13
Evaluate (-1 - -21 - 8) + -1 + 0.
11
What is the value of (13 + -24 - -19) + -10?
-2
What is the value of 14 + -4 + 4 - 3?
11
Evaluate -14 + 37 - 19 - (14 - 0).
-10
Calculate 12 + -32 + 4 + (5 - 4) + 0.
-15
What is (33 - 15) + 14 + -17?
15
23 + -1 + -125 + 116 - 3
10
0 + 6 + (44 - 29) + -13
8
Evaluate -11 - 1 - (-177 + 182).
-17
Evaluate 21 + (23 - 14) + 4.
34
Calculate 3 + -3 + -1 - -4.
3
What is the value of (13 - 38) + -9 - (-14 + 1)?
-21
Evaluate 3 + -2 + (-9 - (-9 - -4)) + 4.
1
1 - 34 - (73 + -116 - -45)
-35
Calculate 3 - -2 - (8 - ((2 - -3) + 0)).
2
Calculate (1 - (0 - 4) - -3) + (1 - -3).
12
-30 - -9 - (-35 - -15)
-1
What is -6 + (0 - -12) + (54 - 48)?
12
Calculate 199 - 214 - (1 - 25) - 39.
-30
(-16 - (-8 + 16)) + 20
-4
Evaluate 7 + 1 + (-28 - (-28 + 8)) + -9.
-9
What is 10 + -2 + -17 + 12 + -12 + -9?
-18
2 + 1 - (-1 + 4 + 2) - 3
-5
What is the value of (10 - -4) + (-5 - -2)?
11
What is the value of 36 + (0 + -6 - (6 + -18 + 15))?
27
What is -8 + (2 + 4 + 2 - -4)?
4
Evaluate 28 - 3 - (121 + -94).
-2
What is the value of -2 + -7 - (-2 + -13 + 